{"id":4927,"date":"2017-03-13T06:36:07","date_gmt":"2017-03-13T06:36:07","guid":{"rendered":"http:\/\/www.obecklenova.sk\/?page_id=4927"},"modified":"2017-12-29T12:56:36","modified_gmt":"2017-12-29T12:56:36","slug":"zmluvy-2017-ocu","status":"publish","type":"page","link":"http:\/\/www.obecklenova.sk\/?page_id=4927","title":{"rendered":"&#8211; Zmluvy 2017 (OcU)"},"content":{"rendered":"<table style=\"width: 756px; height: 63px;\" border=\"0\">\n<tbody>\n<tr>\n<td style=\"text-align: center;\"><em><strong>\u010c\u00edslo<\/strong><\/em><em><strong>\u00a0Zmluvy<\/strong><\/em><\/td>\n<td style=\"text-align: center;\"><em><strong>\u00a0<\/strong><\/em><\/td>\n<td style=\"text-align: center;\"><em><strong>Zmluvn\u00e1 strana<\/strong><\/em><\/td>\n<td style=\"text-align: center;\"><em><strong>N\u00e1zov zmluvy<\/strong><\/em><\/td>\n<td style=\"text-align: center;\"><em><strong>Predmet \/ Tovar<\/strong><\/em><\/td>\n<td style=\"text-align: center;\"><em><strong>Cena s DPH v EUR<\/strong><\/em><\/td>\n<td style=\"text-align: center;\"><em><strong>\u00a0D\u00e1tum podpisu\u00a0<\/strong><\/em><\/td>\n<td style=\"text-align: center;\"><em><strong>D\u00e1tum\u00a0\u00a0<\/strong><\/em><em><strong>zverejnenia\u00a0<\/strong><\/em><\/td>\n<td style=\"text-align: center;\"><em><strong>D\u00e1tum\u00a0<\/strong><\/em><em><strong>\u00fa\u010dinnosti<\/strong><\/em><\/td>\n<td style=\"text-align: center;\"><em><strong>D\u00e1tum\u00a0<\/strong><\/em><em><strong>ukon\u010denia<\/strong><\/em><\/td>\n<td style=\"text-align: center;\"><\/td>\n<\/tr>\n<tr>\n<td style=\"text-align: center;\">\u00a01\/2017<\/td>\n<td style=\"text-align: center;\"><\/td>\n<td style=\"text-align: center;\">Z\u0160 s M\u0160 Klenov\u00e1,\u00a0\u00a0\u00a0\u00a0\u00a0\u00a0 \u00a0067 72 Klenov\u00e1<\/td>\n<td style=\"text-align: center;\">Darovacia zmluva \u010d.1\/2017<\/td>\n<td style=\"text-align: center;\">Pr\u00edspevok na ly\u017eiarsky v\u00fdcvik pre \u017eiakov<\/td>\n<td style=\"text-align: center;\">100,00<\/td>\n<td style=\"text-align: center;\">13.01.2017<\/td>\n<td style=\"text-align: center;\">20.01.2017<\/td>\n<td style=\"text-align: center;\">21.01.2017<\/td>\n<td style=\"text-align: center;\">30.01.2017<\/td>\n<td style=\"text-align: center;\"><\/td>\n<\/tr>\n<tr>\n<td style=\"text-align: center;\">2\/2017<\/td>\n<td style=\"text-align: center;\"><\/td>\n<td style=\"text-align: center;\">Komun\u00e1lna pois\u0165ov\u0148a a\u00a0.s., Vienna insurance Group, \u0160tefanikova 17, Bratislava<\/td>\n<td style=\"text-align: center;\">\u00a0Poistn\u00e1 zmluva pod\u013ea \u00a7 788 s nasl. Ob\u010dian.z\u00e1k<\/td>\n<td style=\"text-align: center;\">\u00darazov\u00e9 poistenie poberate\u013eov d\u00e1vky v hmotnej n\u00fadzi<\/td>\n<td style=\"text-align: center;\">65,00<\/td>\n<td style=\"text-align: center;\">24.01.2017<\/td>\n<td style=\"text-align: center;\">30.01.2017<\/td>\n<td style=\"text-align: center;\">31.01.2017<\/td>\n<td style=\"text-align: center;\">25.01.2018<\/td>\n<td style=\"text-align: center;\"><\/td>\n<\/tr>\n<tr>\n<td style=\"text-align: center;\">3\/2017<\/td>\n<td style=\"text-align: center;\"><\/td>\n<td style=\"text-align: center;\">Komun\u00e1lna pois\u0165ov\u0148a a\u00a0.s., Vienna insurance Group, \u0160tefanikova 17, Bratislava<\/td>\n<td style=\"text-align: center;\">Poistn\u00e1 zmluva pod\u013ea \u00a7 788 s nasl. Ob\u010dian.z\u00e1k<\/td>\n<td style=\"text-align: center;\">\u00darazov\u00e9 poistenie\u00a0uch\u00e1dza\u010dov o zamestnanie<\/td>\n<td style=\"text-align: center;\">81,25<\/td>\n<td style=\"text-align: center;\">24.01.2017<\/td>\n<td style=\"text-align: center;\">30.01.2017<\/td>\n<td style=\"text-align: center;\">31.01.2017<\/td>\n<td style=\"text-align: center;\">25.01.2018<\/td>\n<td style=\"text-align: center;\"><\/td>\n<\/tr>\n<tr>\n<td style=\"text-align: center;\">\u00a04\/2017<\/td>\n<td style=\"text-align: center;\"><\/td>\n<td style=\"text-align: center;\">Samnet, informa\u010dn\u00fd syst\u00e9m, Zlat\u00e9 Moravce<\/td>\n<td style=\"text-align: center;\">Zmluva o poskytovan\u00ed slu\u017eieb pod\u013ea\u00a0\u00a7261 Obch.z\u00e1konn\u00edka<\/td>\n<td style=\"text-align: center;\">Zmluva o poskytovan\u00ed inform\u00e1cii o grantoch<\/td>\n<td style=\"text-align: center;\">32,86<\/td>\n<td style=\"text-align: center;\">3.1.2017<\/td>\n<td style=\"text-align: center;\">30.1.2017<\/td>\n<td style=\"text-align: center;\">31.01.2017<\/td>\n<td style=\"text-align: center;\">neur\u010dit\u00e1<\/td>\n<td style=\"text-align: center;\"><\/td>\n<\/tr>\n<tr>\n<td style=\"text-align: center;\">\u00a05\/2017<\/td>\n<td style=\"text-align: center;\"><\/td>\n<td style=\"text-align: center;\">RNDr. J\u00e1n \u00a0Grech, Penetra, Lomnick\u00e1 14,080 05\u00a0Pre\u0161ov<\/td>\n<td style=\"text-align: center;\">Zmluva o dielo\u00a0pod\u013ea \u00a7536 OZ<\/td>\n<td style=\"text-align: center;\">Hydrogeologick\u00fd prieskum pre v\u00fdstavbu studne kult\u00farneho domu<\/td>\n<td style=\"text-align: center;\">3024,94<\/td>\n<td style=\"text-align: center;\">24.02.2017<\/td>\n<td style=\"text-align: center;\">\u00a001.03.2017<\/td>\n<td style=\"text-align: center;\">02.03.2017<\/td>\n<td style=\"text-align: center;\">15.03.2017<\/td>\n<td style=\"text-align: center;\"><\/td>\n<\/tr>\n<tr>\n<td style=\"text-align: center;\">6\/2017<\/td>\n<td style=\"text-align: center;\"><\/td>\n<td style=\"text-align: center;\">ENVIO, s.r.o.,\u00a0 \u00a0Levo\u010dsk\u00e1 2, 080 01 Pre\u0161ov<\/td>\n<td style=\"text-align: center;\">Dodatok \u010d.1 k zmluve o dielo zo d\u0148a 26.5.2017<\/td>\n<td style=\"text-align: center;\">Zhotovenie PHSR<\/td>\n<td style=\"text-align: center;\">600,00<\/td>\n<td style=\"text-align: center;\">28.02.2017<\/td>\n<td style=\"text-align: center;\">01.03.2017<\/td>\n<td style=\"text-align: center;\">02.03.2017<\/td>\n<td style=\"text-align: center;\">31.3.2017<\/td>\n<td style=\"text-align: center;\"><\/td>\n<\/tr>\n<tr>\n<td style=\"text-align: center;\">\u00a07\/2017<\/td>\n<td style=\"text-align: center;\"><\/td>\n<td style=\"text-align: center;\">\u0160portov\u00fd klub, Klenov\u00e1<\/td>\n<td style=\"text-align: center;\">Zmluva o poskytnut\u00ed finan\u010dnej dot\u00e1cie z rozpo\u010dtu obce KLenov\u00e1 \u010d.2\/2017\/\u0160K\/01<\/td>\n<td style=\"text-align: center;\">Dot\u00e1cia na \u010dinnos\u0165 futbalov\u00e9ho klubu<\/td>\n<td style=\"text-align: center;\">200,00<\/td>\n<td style=\"text-align: center;\">6.4.2017<\/td>\n<td style=\"text-align: center;\">6.4.2017<\/td>\n<td style=\"text-align: center;\">7.4.2017<\/td>\n<td style=\"text-align: center;\"><\/td>\n<td style=\"text-align: center;\"><\/td>\n<\/tr>\n<tr>\n<td style=\"text-align: center;\">\u00a08\/2017<\/td>\n<td style=\"text-align: center;\"><\/td>\n<td style=\"text-align: center;\">\u00daPSVaR Humenn\u00e9, Kukorelliho 1, 066 70 Humenn\u00e9<\/td>\n<td style=\"text-align: center;\">Dohoda \u010d.17\/35\/052\/73\u00a0o zabezpe\u010den\u00ed podmienok vykon\u00e1vania\u00a0A\u010c formou men\u0161\u00edch obec.slu\u017eieb pre obec a\u00a0o poskytnut\u00ed pr\u00edspevku na A\u010c formou MOS obc\u00ed<\/td>\n<td style=\"text-align: center;\">\u00a0Poskytnutie fin. pr\u00edspevku na aktiva\u010dn\u00fa \u010dinnos\u0165 formou MOS<\/td>\n<td style=\"text-align: center;\">474,00<\/td>\n<td style=\"text-align: center;\">25.04.2017<\/td>\n<td style=\"text-align: center;\">04.05.2017<\/td>\n<td style=\"text-align: center;\">05.05.2017<\/td>\n<td style=\"text-align: center;\">31.10.2017<\/td>\n<td style=\"text-align: center;\"><\/td>\n<\/tr>\n<tr>\n<td style=\"text-align: center;\">\u00a09\/2017<\/td>\n<td style=\"text-align: center;\"><\/td>\n<td style=\"text-align: center;\">\u0160portov\u00fd klub, Klenov\u00e1<\/td>\n<td style=\"text-align: center;\">Zmluva o poskytnut\u00ed finan\u010dnej dot\u00e1cie z rozpo\u010dtu obce KLenov\u00e1 \u010d.2\/2017\/\u0160K\/02<\/td>\n<td style=\"text-align: center;\">Dot\u00e1cia na \u010dinnos\u0165 futbalov\u00e9ho klubu<\/td>\n<td style=\"text-align: center;\">600,00<\/td>\n<td style=\"text-align: center;\">4.05.2017<\/td>\n<td style=\"text-align: center;\">04.05.2017<\/td>\n<td style=\"text-align: center;\">05.05.2017<\/td>\n<td style=\"text-align: center;\">30.9.2017<\/td>\n<td style=\"text-align: center;\"><\/td>\n<\/tr>\n<tr>\n<td style=\"text-align: center;\">10\/2017<\/td>\n<td style=\"text-align: center;\"><\/td>\n<td style=\"text-align: center;\">\u0160portov\u00fd klub, Klenov\u00e1<\/td>\n<td style=\"text-align: center;\">Zmluva o poskytnut\u00ed finan\u010dnej dot\u00e1cie z rozpo\u010dtu obce KLenov\u00e1 \u010d.2\/2017\/\u0160K\/03<\/td>\n<td style=\"text-align: center;\">Dot\u00e1cia na \u010dinnos\u0165 futbalov\u00e9ho klubu<\/td>\n<td style=\"text-align: center;\">900,00<\/td>\n<td style=\"text-align: center;\">01.08.2017<\/td>\n<td style=\"text-align: center;\">01.08.2017<\/td>\n<td style=\"text-align: center;\">02.08.2017<\/td>\n<td style=\"text-align: center;\">30.11.2017<\/td>\n<td style=\"text-align: center;\"><\/td>\n<\/tr>\n<tr>\n<td style=\"text-align: center;\">11\/2017<\/td>\n<td style=\"text-align: center;\"><\/td>\n<td style=\"text-align: center;\">\u0160portov\u00fd klub, Klenov\u00e1<\/td>\n<td style=\"text-align: center;\">Zmluva o poskytnut\u00ed finan\u010dnej dot\u00e1cie z rozpo\u010dtu obce Klenov\u00e1 \u010d.5\/2017\/\u0160K\/04<\/td>\n<td style=\"text-align: center;\">\u00a0Dot\u00e1cia na \u010dinnos\u0165 futbalov\u00e9ho klubu<\/td>\n<td style=\"text-align: center;\">1000,00<\/td>\n<td style=\"text-align: center;\">13.09.2017<\/td>\n<td style=\"text-align: center;\">\u00a013.9.2017<\/td>\n<td style=\"text-align: center;\">14.09.2017<\/td>\n<td style=\"text-align: center;\">30.11.2017<\/td>\n<td style=\"text-align: center;\"><\/td>\n<\/tr>\n<tr>\n<td style=\"text-align: center;\">12\/2017<\/td>\n<td style=\"text-align: center;\"><\/td>\n<td style=\"text-align: center;\">KG-STAV GROUP s.r.o., Pere\u010d\u00ednska 2849\/41, Snina<\/td>\n<td style=\"text-align: center;\">Zmluva o dielo pod\u013ea \u00a7 536 Z.\u010d. 513\/1991 Zb.<\/td>\n<td style=\"text-align: center;\">Fas\u00e1da kult\u00farneho domu obce Klenov\u00e1<\/td>\n<td style=\"text-align: center;\">26292,42<\/td>\n<td style=\"text-align: center;\">22.09.2017<\/td>\n<td style=\"text-align: center;\">22.09.2017<\/td>\n<td style=\"text-align: center;\">23.09.2017<\/td>\n<td style=\"text-align: center;\">31.10.2017<\/td>\n<td style=\"text-align: center;\"><\/td>\n<\/tr>\n<tr>\n<td style=\"text-align: center;\">\u00a013\/2017<\/td>\n<td style=\"text-align: center;\"><\/td>\n<td style=\"text-align: center;\">Mari\u00e1n Klepco, Kaln\u00e1 Roztoka 4, 067 72 Klenov\u00e1<\/td>\n<td style=\"text-align: center;\">Zmluva \u010d.1\/2017\u00a0na dod\u00e1vku a mont\u00e1\u017e plastov\u00fdch okien pod\u013ea z\u00e1k. 413\/1991 Zb. OZ<\/td>\n<td style=\"text-align: center;\">V\u00fdmena okien za plastov\u00e9 na obecnej bytovke s.\u010d. 65<\/td>\n<td style=\"text-align: center;\">\u00a05850,00<\/td>\n<td style=\"text-align: center;\">28.09.2017<\/td>\n<td style=\"text-align: center;\">05.10.2017<\/td>\n<td style=\"text-align: center;\">06.10.2017<\/td>\n<td style=\"text-align: center;\">31.12.2017<\/td>\n<td style=\"text-align: center;\"><\/td>\n<\/tr>\n<tr>\n<td style=\"text-align: center;\">\u00a014\/2017<\/td>\n<td style=\"text-align: center;\"><\/td>\n<td style=\"text-align: center;\">KG-STAV GROUP s.r.o., Pere\u010d\u00ednska 2849\/41, Snina<\/td>\n<td style=\"text-align: center;\">\u00a0Zmluva o dielo pod\u013ea \u00a7 536 Z.\u010d. 513\/1991\u00a0Zb.<\/td>\n<td style=\"text-align: center;\">V\u00fdmena stra\u0161nej krytina a zvodov\u00e9ho syst\u00e9mu na kult\u00farnom dome v obci Klenov\u00e1<\/td>\n<td style=\"text-align: center;\">\u00a022747,69<\/td>\n<td style=\"text-align: center;\">\u00a027.10.2017<\/td>\n<td style=\"text-align: center;\">27.10.2017<\/td>\n<td style=\"text-align: center;\">28.10.2017<\/td>\n<td style=\"text-align: center;\">\u00a024.11.2017<\/td>\n<td style=\"text-align: center;\"><\/td>\n<\/tr>\n<tr>\n<td style=\"text-align: center;\">\u00a015\/2017<\/td>\n<td style=\"text-align: center;\"><\/td>\n<td style=\"text-align: center;\">\u00darad pr\u00e1ce soci\u00e1lnych vec\u00ed a rodiny Humenn\u00e9, Kukorelliho 1, 066 70 Humenn\u00e9<\/td>\n<td style=\"text-align: center;\">\u00a0Dohoda \u010d. 17\/35\/054\/150 o poskytnut\u00ed fin. pr\u00edspevkov na podporu vytv\u00e1rania prac. miest v r\u00e1mci n\u00e1rodn\u00e9ho projektu &#8222;\u0160anca pre mlad\u00fdch&#8220;<\/td>\n<td style=\"text-align: center;\">Poskytovanie fin. pr\u00edspevkov \u00faradom zamestn\u00e1vate\u013eov na podopr\u00fa vytv\u00e1rania 3 pracovn\u00fdch miest v\u00a0r\u00e1mci n\u00e1rodn\u00e9ho projektu \u0160anca pre mlad\u00fdch<\/td>\n<td style=\"text-align: center;\">\u00a015058,62<\/td>\n<td style=\"text-align: center;\">\u00a021.12.2017<\/td>\n<td style=\"text-align: center;\">29.12.2017<\/td>\n<td style=\"text-align: center;\">30.12.2017<\/td>\n<td style=\"text-align: center;\">\u00a07 mesiacov<\/td>\n<td style=\"text-align: center;\"><\/td>\n<\/tr>\n<tr>\n<td style=\"text-align: center;\"><\/td>\n<td style=\"text-align: center;\"><\/td>\n<td style=\"text-align: center;\"><\/td>\n<td style=\"text-align: center;\"><\/td>\n<td style=\"text-align: center;\"><\/td>\n<td style=\"text-align: center;\"><\/td>\n<td style=\"text-align: center;\"><\/td>\n<td style=\"text-align: center;\"><\/td>\n<td style=\"text-align: center;\"><\/td>\n<td style=\"text-align: center;\"><\/td>\n<td style=\"text-align: center;\"><\/td>\n<\/tr>\n<\/tbody>\n<\/table>\n","protected":false},"excerpt":{"rendered":"<p>\u010c\u00edslo\u00a0Zmluvy \u00a0 Zmluvn\u00e1 strana N\u00e1zov zmluvy Predmet \/ Tovar Cena s DPH v EUR \u00a0D\u00e1tum podpisu\u00a0 D\u00e1tum\u00a0\u00a0zverejnenia\u00a0 D\u00e1tum\u00a0\u00fa\u010dinnosti D\u00e1tum\u00a0ukon\u010denia \u00a01\/2017 Z\u0160 s M\u0160 Klenov\u00e1,\u00a0\u00a0\u00a0\u00a0\u00a0\u00a0 \u00a0067 72 Klenov\u00e1 Darovacia zmluva \u010d.1\/2017 Pr\u00edspevok na ly\u017eiarsky v\u00fdcvik pre \u017eiakov 100,00 13.01.2017 20.01.2017 21.01.2017 30.01.2017 2\/2017 Komun\u00e1lna pois\u0165ov\u0148a a\u00a0.s., Vienna insurance Group, \u0160tefanikova 17, Bratislava \u00a0Poistn\u00e1 zmluva pod\u013ea \u00a7 [&hellip;]<\/p>\n","protected":false},"author":1,"featured_media":0,"parent":4907,"menu_order":0,"comment_status":"closed","ping_status":"closed","template":"","meta":{"footnotes":""},"class_list":["post-4927","page","type-page","status-publish","hentry"],"_links":{"self":[{"href":"http:\/\/www.obecklenova.sk\/index.php?rest_route=\/wp\/v2\/pages\/4927","targetHints":{"allow":["GET"]}}],"collection":[{"href":"http:\/\/www.obecklenova.sk\/index.php?rest_route=\/wp\/v2\/pages"}],"about":[{"href":"http:\/\/www.obecklenova.sk\/index.php?rest_route=\/wp\/v2\/types\/page"}],"author":[{"embeddable":true,"href":"http:\/\/www.obecklenova.sk\/index.php?rest_route=\/wp\/v2\/users\/1"}],"replies":[{"embeddable":true,"href":"http:\/\/www.obecklenova.sk\/index.php?rest_route=%2Fwp%2Fv2%2Fcomments&post=4927"}],"version-history":[{"count":13,"href":"http:\/\/www.obecklenova.sk\/index.php?rest_route=\/wp\/v2\/pages\/4927\/revisions"}],"predecessor-version":[{"id":5065,"href":"http:\/\/www.obecklenova.sk\/index.php?rest_route=\/wp\/v2\/pages\/4927\/revisions\/5065"}],"up":[{"embeddable":true,"href":"http:\/\/www.obecklenova.sk\/index.php?rest_route=\/wp\/v2\/pages\/4907"}],"wp:attachment":[{"href":"http:\/\/www.obecklenova.sk\/index.php?rest_route=%2Fwp%2Fv2%2Fmedia&parent=4927"}],"curies":[{"name":"wp","href":"https:\/\/api.w.org\/{rel}","templated":true}]}}