{"id":4935,"date":"2017-03-13T06:37:59","date_gmt":"2017-03-13T06:37:59","guid":{"rendered":"http:\/\/www.obecklenova.sk\/?page_id=4935"},"modified":"2017-03-13T06:37:59","modified_gmt":"2017-03-13T06:37:59","slug":"objednavky-2017-ocu","status":"publish","type":"page","link":"http:\/\/www.obecklenova.sk\/?page_id=4935","title":{"rendered":"&#8211; Objedn\u00e1vky 2017 (OcU)"},"content":{"rendered":"<table style=\"width: 682px; height: 61px;\" border=\"0\">\n<tbody>\n<tr>\n<td style=\"text-align: center;\"><em><strong>\u010cislo<\/strong><\/em><\/td>\n<td style=\"text-align: center;\"><em><strong>Dod\u00e1vate\u013e<\/strong><\/em><\/td>\n<td style=\"text-align: center;\"><em><strong>I\u010cO<\/strong><\/em><\/td>\n<td style=\"text-align: center;\"><em><strong>Predmet \/ Tovar<\/strong><\/em><\/td>\n<td style=\"text-align: center;\"><em><strong>Suma v \u20ac<\/strong><\/em><\/td>\n<td style=\"text-align: center;\"><em><strong>D\u00e1tum\u00a0vystavenia<\/strong><\/em><\/td>\n<td style=\"text-align: center;\"><em><strong>Objedn\u00e1vku\u00a0podp\u00edsal<\/strong><\/em><\/td>\n<\/tr>\n<tr>\n<td><\/td>\n<td><\/td>\n<td><\/td>\n<td><\/td>\n<td><\/td>\n<td style=\"text-align: right;\"><\/td>\n<td><\/td>\n<\/tr>\n<\/tbody>\n<\/table>\n","protected":false},"excerpt":{"rendered":"<p>\u010cislo Dod\u00e1vate\u013e I\u010cO Predmet \/ Tovar Suma v \u20ac D\u00e1tum\u00a0vystavenia Objedn\u00e1vku\u00a0podp\u00edsal<\/p>\n","protected":false},"author":1,"featured_media":0,"parent":4911,"menu_order":0,"comment_status":"closed","ping_status":"closed","template":"","meta":{"footnotes":""},"class_list":["post-4935","page","type-page","status-publish","hentry"],"_links":{"self":[{"href":"http:\/\/www.obecklenova.sk\/index.php?rest_route=\/wp\/v2\/pages\/4935","targetHints":{"allow":["GET"]}}],"collection":[{"href":"http:\/\/www.obecklenova.sk\/index.php?rest_route=\/wp\/v2\/pages"}],"about":[{"href":"http:\/\/www.obecklenova.sk\/index.php?rest_route=\/wp\/v2\/types\/page"}],"author":[{"embeddable":true,"href":"http:\/\/www.obecklenova.sk\/index.php?rest_route=\/wp\/v2\/users\/1"}],"replies":[{"embeddable":true,"href":"http:\/\/www.obecklenova.sk\/index.php?rest_route=%2Fwp%2Fv2%2Fcomments&post=4935"}],"version-history":[{"count":1,"href":"http:\/\/www.obecklenova.sk\/index.php?rest_route=\/wp\/v2\/pages\/4935\/revisions"}],"predecessor-version":[{"id":4937,"href":"http:\/\/www.obecklenova.sk\/index.php?rest_route=\/wp\/v2\/pages\/4935\/revisions\/4937"}],"up":[{"embeddable":true,"href":"http:\/\/www.obecklenova.sk\/index.php?rest_route=\/wp\/v2\/pages\/4911"}],"wp:attachment":[{"href":"http:\/\/www.obecklenova.sk\/index.php?rest_route=%2Fwp%2Fv2%2Fmedia&parent=4935"}],"curies":[{"name":"wp","href":"https:\/\/api.w.org\/{rel}","templated":true}]}}