{"id":5277,"date":"2018-02-28T06:54:26","date_gmt":"2018-02-28T06:54:26","guid":{"rendered":"http:\/\/www.obecklenova.sk\/?page_id=5277"},"modified":"2018-02-28T06:54:26","modified_gmt":"2018-02-28T06:54:26","slug":"objednavky-2018-ocu","status":"publish","type":"page","link":"http:\/\/www.obecklenova.sk\/?page_id=5277","title":{"rendered":"&#8211; Objedn\u00e1vky 2018 (OcU)"},"content":{"rendered":"<table border=\"0\">\n<tbody>\n<tr>\n<td><em><strong>\u010cislo<\/strong><\/em><\/td>\n<td><em><strong>Dod\u00e1vate\u013e<\/strong><\/em><\/td>\n<td><em><strong>I\u010cO<\/strong><\/em><\/td>\n<td><em><strong>Predmet \/ Tovar<\/strong><\/em><\/td>\n<td><em><strong>Suma v \u20ac<\/strong><\/em><\/td>\n<td><em><strong>D\u00e1tum&nbsp;vystavenia<\/strong><\/em><\/td>\n<td><em><strong>Objedn\u00e1vku&nbsp;podp\u00edsal<\/strong><\/em><\/td>\n<\/tr>\n<tr>\n<td>&nbsp;<\/td>\n<td>&nbsp;<\/td>\n<td>&nbsp;<\/td>\n<td>&nbsp;<\/td>\n<td>&nbsp;<\/td>\n<td>&nbsp;<\/td>\n<td>&nbsp;<\/td>\n<\/tr>\n<\/tbody>\n<\/table>\n<p>&nbsp;<\/p>\n","protected":false},"excerpt":{"rendered":"<p>\u010cislo Dod\u00e1vate\u013e I\u010cO Predmet \/ Tovar Suma v \u20ac D\u00e1tum&nbsp;vystavenia Objedn\u00e1vku&nbsp;podp\u00edsal &nbsp; &nbsp; &nbsp; &nbsp; &nbsp; &nbsp; &nbsp; &nbsp;<\/p>\n","protected":false},"author":1,"featured_media":0,"parent":5263,"menu_order":0,"comment_status":"closed","ping_status":"closed","template":"","meta":{"footnotes":""},"class_list":["post-5277","page","type-page","status-publish","hentry"],"_links":{"self":[{"href":"http:\/\/www.obecklenova.sk\/index.php?rest_route=\/wp\/v2\/pages\/5277","targetHints":{"allow":["GET"]}}],"collection":[{"href":"http:\/\/www.obecklenova.sk\/index.php?rest_route=\/wp\/v2\/pages"}],"about":[{"href":"http:\/\/www.obecklenova.sk\/index.php?rest_route=\/wp\/v2\/types\/page"}],"author":[{"embeddable":true,"href":"http:\/\/www.obecklenova.sk\/index.php?rest_route=\/wp\/v2\/users\/1"}],"replies":[{"embeddable":true,"href":"http:\/\/www.obecklenova.sk\/index.php?rest_route=%2Fwp%2Fv2%2Fcomments&post=5277"}],"version-history":[{"count":1,"href":"http:\/\/www.obecklenova.sk\/index.php?rest_route=\/wp\/v2\/pages\/5277\/revisions"}],"predecessor-version":[{"id":5278,"href":"http:\/\/www.obecklenova.sk\/index.php?rest_route=\/wp\/v2\/pages\/5277\/revisions\/5278"}],"up":[{"embeddable":true,"href":"http:\/\/www.obecklenova.sk\/index.php?rest_route=\/wp\/v2\/pages\/5263"}],"wp:attachment":[{"href":"http:\/\/www.obecklenova.sk\/index.php?rest_route=%2Fwp%2Fv2%2Fmedia&parent=5277"}],"curies":[{"name":"wp","href":"https:\/\/api.w.org\/{rel}","templated":true}]}}