{"id":6411,"date":"2021-02-16T09:25:53","date_gmt":"2021-02-16T09:25:53","guid":{"rendered":"http:\/\/www.obecklenova.sk\/?page_id=6411"},"modified":"2021-09-20T11:17:11","modified_gmt":"2021-09-20T11:17:11","slug":"zmluvy-2021-zssms","status":"publish","type":"page","link":"http:\/\/www.obecklenova.sk\/?page_id=6411","title":{"rendered":"&#8211; Zmluvy 2021 (Z\u0160sM\u0160)"},"content":{"rendered":"\n<table style=\"width: 100%; height: 246px;\">\n<tbody>\n<tr style=\"height: 24px;\">\n<td style=\"width: 4.65517%; height: 24px;\">\u00a0<\/td>\n<td style=\"width: 19.4827%; height: 24px;\">Dod\u00e1vate\u013e<\/td>\n<td style=\"width: 37.069%; height: 24px;\">Predmet zmluvy<\/td>\n<td style=\"width: 1.03448%; height: 24px;\">\u00a0<\/td>\n<td style=\"width: 35.5172%; height: 24px;\">Zverejnen\u00e1 d\u0148a<\/td>\n<\/tr>\n<tr style=\"height: 66px;\">\n<td style=\"width: 4.65517%; height: 66px;\">1\/2021<\/td>\n<td style=\"width: 19.4827%; height: 66px;\">Ifosoft, v.o.s., Sabinovsk\u00e1 36, Pre\u0161ov<\/td>\n<td style=\"width: 37.069%; height: 66px;\"><a href=\"http:\/\/www.obecklenova.sk\/wp-content\/uploads\/2021\/05\/Zmluva-program-mzdy-Ifosoft-Presov-ZS-s-MS-Klenova.pdf\">Zmluva o dielo, mzdov\u00e1 agenda<\/a><\/td>\n<td style=\"width: 1.03448%; height: 66px;\">\u00a0<\/td>\n<td style=\"width: 35.5172%; height: 66px;\">18.1.2021<\/td>\n<\/tr>\n<tr style=\"height: 87px;\">\n<td style=\"width: 4.65517%; height: 87px;\">2\/2021<\/td>\n<td style=\"width: 19.4827%; height: 87px;\">Vychodoslovensk\u00e1 energetika, a.s, Mlynsk\u00e1 31, Ko\u0161ice<\/td>\n<td style=\"width: 37.069%; height: 87px;\"><a href=\"http:\/\/www.obecklenova.sk\/wp-content\/uploads\/2021\/05\/Dodatok-k-zmluve-o-dzruzenej-dodavke-elektriny.pdf\">Dodatok k zmluve o zdru\u017eenej dod\u00e1vke elektriny<\/a><\/td>\n<td style=\"width: 1.03448%; height: 87px;\">\u00a0<\/td>\n<td style=\"width: 35.5172%; height: 87px;\">28.4.2021<\/td>\n<\/tr>\n<tr style=\"height: 45px;\">\n<td style=\"width: 4.65517%; height: 45px;\">3\/2021<\/td>\n<td style=\"width: 19.4827%; height: 45px;\">Beky, a.s., Snina<\/td>\n<td style=\"width: 37.069%; height: 45px;\"><a href=\"http:\/\/www.obecklenova.sk\/wp-content\/uploads\/2021\/09\/Zmluva-o-dodavke-stiepky.pdf\">Zmluva o dod\u00e1vke \u0161tiepky\u00a0<\/a><\/td>\n<td style=\"width: 1.03448%; height: 45px;\">\u00a0<\/td>\n<td style=\"width: 35.5172%; height: 45px;\">20.09.2021<\/td>\n<\/tr>\n<tr style=\"height: 24px;\">\n<td style=\"width: 4.65517%; height: 24px;\">\u00a0<\/td>\n<td style=\"width: 19.4827%; height: 24px;\">\u00a0<\/td>\n<td style=\"width: 37.069%; height: 24px;\">\u00a0<\/td>\n<td style=\"width: 1.03448%; height: 24px;\">\u00a0<\/td>\n<td style=\"width: 35.5172%; height: 24px;\">\u00a0<\/td>\n<\/tr>\n<\/tbody>\n<\/table>\n","protected":false},"excerpt":{"rendered":"<p>\u00a0 Dod\u00e1vate\u013e Predmet zmluvy \u00a0 Zverejnen\u00e1 d\u0148a 1\/2021 Ifosoft, v.o.s., Sabinovsk\u00e1 36, Pre\u0161ov Zmluva o dielo, mzdov\u00e1 agenda \u00a0 18.1.2021 2\/2021 Vychodoslovensk\u00e1 energetika, a.s, Mlynsk\u00e1 31, Ko\u0161ice Dodatok k zmluve o zdru\u017eenej dod\u00e1vke elektriny \u00a0 28.4.2021 3\/2021 Beky, a.s., Snina Zmluva o dod\u00e1vke \u0161tiepky\u00a0 \u00a0 20.09.2021 \u00a0 \u00a0 \u00a0 \u00a0 \u00a0<\/p>\n","protected":false},"author":1,"featured_media":0,"parent":6401,"menu_order":3,"comment_status":"closed","ping_status":"closed","template":"","meta":{"footnotes":""},"class_list":["post-6411","page","type-page","status-publish","hentry"],"_links":{"self":[{"href":"http:\/\/www.obecklenova.sk\/index.php?rest_route=\/wp\/v2\/pages\/6411","targetHints":{"allow":["GET"]}}],"collection":[{"href":"http:\/\/www.obecklenova.sk\/index.php?rest_route=\/wp\/v2\/pages"}],"about":[{"href":"http:\/\/www.obecklenova.sk\/index.php?rest_route=\/wp\/v2\/types\/page"}],"author":[{"embeddable":true,"href":"http:\/\/www.obecklenova.sk\/index.php?rest_route=\/wp\/v2\/users\/1"}],"replies":[{"embeddable":true,"href":"http:\/\/www.obecklenova.sk\/index.php?rest_route=%2Fwp%2Fv2%2Fcomments&post=6411"}],"version-history":[{"count":6,"href":"http:\/\/www.obecklenova.sk\/index.php?rest_route=\/wp\/v2\/pages\/6411\/revisions"}],"predecessor-version":[{"id":6641,"href":"http:\/\/www.obecklenova.sk\/index.php?rest_route=\/wp\/v2\/pages\/6411\/revisions\/6641"}],"up":[{"embeddable":true,"href":"http:\/\/www.obecklenova.sk\/index.php?rest_route=\/wp\/v2\/pages\/6401"}],"wp:attachment":[{"href":"http:\/\/www.obecklenova.sk\/index.php?rest_route=%2Fwp%2Fv2%2Fmedia&parent=6411"}],"curies":[{"name":"wp","href":"https:\/\/api.w.org\/{rel}","templated":true}]}}