{"id":7063,"date":"2023-02-10T16:47:44","date_gmt":"2023-02-10T16:47:44","guid":{"rendered":"http:\/\/www.obecklenova.sk\/?page_id=7063"},"modified":"2023-07-20T06:23:29","modified_gmt":"2023-07-20T06:23:29","slug":"objednavky-2023-zs-s-ms","status":"publish","type":"page","link":"http:\/\/www.obecklenova.sk\/?page_id=7063","title":{"rendered":"&#8211; Objedn\u00e1vky 2023 (Z\u0160 s M\u0160)"},"content":{"rendered":"\n<p>Objedn\u00e1vky 2023, <a href=\"http:\/\/www.obecklenova.sk\/wp-content\/uploads\/2023\/07\/Objednavky-2023.pdf\">objedn\u00e1vky\u00a0<\/a><\/p>\n","protected":false},"excerpt":{"rendered":"<p>Objedn\u00e1vky 2023, objedn\u00e1vky\u00a0<\/p>\n","protected":false},"author":1,"featured_media":0,"parent":7059,"menu_order":0,"comment_status":"closed","ping_status":"closed","template":"","meta":{"footnotes":""},"class_list":["post-7063","page","type-page","status-publish","hentry"],"_links":{"self":[{"href":"http:\/\/www.obecklenova.sk\/index.php?rest_route=\/wp\/v2\/pages\/7063","targetHints":{"allow":["GET"]}}],"collection":[{"href":"http:\/\/www.obecklenova.sk\/index.php?rest_route=\/wp\/v2\/pages"}],"about":[{"href":"http:\/\/www.obecklenova.sk\/index.php?rest_route=\/wp\/v2\/types\/page"}],"author":[{"embeddable":true,"href":"http:\/\/www.obecklenova.sk\/index.php?rest_route=\/wp\/v2\/users\/1"}],"replies":[{"embeddable":true,"href":"http:\/\/www.obecklenova.sk\/index.php?rest_route=%2Fwp%2Fv2%2Fcomments&post=7063"}],"version-history":[{"count":2,"href":"http:\/\/www.obecklenova.sk\/index.php?rest_route=\/wp\/v2\/pages\/7063\/revisions"}],"predecessor-version":[{"id":7258,"href":"http:\/\/www.obecklenova.sk\/index.php?rest_route=\/wp\/v2\/pages\/7063\/revisions\/7258"}],"up":[{"embeddable":true,"href":"http:\/\/www.obecklenova.sk\/index.php?rest_route=\/wp\/v2\/pages\/7059"}],"wp:attachment":[{"href":"http:\/\/www.obecklenova.sk\/index.php?rest_route=%2Fwp%2Fv2%2Fmedia&parent=7063"}],"curies":[{"name":"wp","href":"https:\/\/api.w.org\/{rel}","templated":true}]}}