{"id":7451,"date":"2024-02-13T10:50:39","date_gmt":"2024-02-13T10:50:39","guid":{"rendered":"http:\/\/www.obecklenova.sk\/?page_id=7451"},"modified":"2026-03-02T20:07:37","modified_gmt":"2026-03-02T20:07:37","slug":"faktury-2024-ocu","status":"publish","type":"page","link":"http:\/\/www.obecklenova.sk\/?page_id=7451","title":{"rendered":"&#8211; Fakt\u00fary 2024 (Oc\u00fa), 2025"},"content":{"rendered":"\n<p>Fakt\u00fary za 12\/2023, zverejnen\u00ed d\u0148a, 2.1.2024, <a href=\"http:\/\/www.obecklenova.sk\/wp-content\/uploads\/2024\/02\/Faktury-OcU-za-12-2023.pdf\">zoznam<\/a>\u00a0<br \/>Fakt\u00fary za 1 2024, zverejnen\u00e9 d\u0148a 1.2.2024, <a href=\"http:\/\/www.obecklenova.sk\/wp-content\/uploads\/2024\/02\/Faktury-OcU-za-1-2024.pdf\">zoznam\u00a0<\/a><\/p>\n<p>Fakt\u00fary za 2\/2024, zverejnen\u00e9 d\u0148a 1.3.2024, <a href=\"http:\/\/www.obecklenova.sk\/wp-content\/uploads\/2024\/04\/Faktury-OcU-za-2-2024.pdf\">zoznam<\/a><\/p>\n<p>Fakt\u00fary za 3 2024, zverejnen\u00e9 d\u0148a 2.4.2024, <a href=\"http:\/\/www.obecklenova.sk\/wp-content\/uploads\/2024\/04\/Faktury-OcU-za-3-2024.pdf\">zoznam\u00a0<\/a><\/p>\n<p>Fakt\u00fary za 4\/2024, zverejnen\u00e9 d\u0148a 2.5.2024, <a href=\"http:\/\/www.obecklenova.sk\/wp-content\/uploads\/2024\/05\/Faktury-ocu-za-4-2024.pdf\">zoznam<\/a><\/p>\n<p>Fakt\u00fary za 5\/2024, zverejnen\u00e9 d\u0148a 1.6.2024, <a href=\"http:\/\/www.obecklenova.sk\/wp-content\/uploads\/2024\/06\/Faktury-OcU-za-5-2024.pdf\">zoznam<\/a><\/p>\n<p>Fakt\u00fary za 6\/2024, zverejnen\u00e9 d\u0148a 1.7.2024, <a href=\"http:\/\/www.obecklenova.sk\/wp-content\/uploads\/2024\/07\/Faktury-OcU-za-6-2024.pdf\">zoznam<\/a><\/p>\n<p>Fakt\u00fary za 7\/2024, zverejnen\u00e9 d\u0148a 1.8.2024, <a href=\"http:\/\/www.obecklenova.sk\/wp-content\/uploads\/2024\/08\/Faktury-OcU-7-2024.pdf\">zoznam<\/a><\/p>\n<p>Fakt\u00fary za 8\/2024, zverejnen\u00e9 d\u0148a, 2.9.2024, <a href=\"http:\/\/www.obecklenova.sk\/wp-content\/uploads\/2024\/09\/Faktury-OcU-za-8-2024.pdf\">zoznam<\/a><\/p>\n<p>Fakt\u00fary za 9\/2024, zverejnen\u00e9 d\u0148a, 1.10.2024, <a href=\"http:\/\/www.obecklenova.sk\/wp-content\/uploads\/2024\/10\/Faktury-OcU-za-9-2024.pdf\">zoznam\u00a0<\/a><\/p>\n<p>Fakt\u00fary za 10\/2024, zverejnen\u00e9 d\u0148a, 2.11.2024, <a href=\"http:\/\/www.obecklenova.sk\/wp-content\/uploads\/2024\/12\/Faktury-OcU-za-10-2024.pdf\">zoznam<\/a><\/p>\n<p>FAkt\u00fary za 11 \/2024, zverejnen\u00e9 d\u0148a, 2.12.2024, <a href=\"http:\/\/www.obecklenova.sk\/wp-content\/uploads\/2024\/12\/Faktury-OcU-za-11-2024.pdf\">zoznam\u00a0<\/a><\/p>\n<p>Fakt\u00fary za 12 \/2024, zverejnen\u00e9 d\u0148a 3.1.2025, <a href=\"http:\/\/www.obecklenova.sk\/wp-content\/uploads\/2025\/01\/Faktury-OcU-za-12-2024.pdf\">zoznam\u00a0<\/a><\/p>\n<p><strong>FAKT\u00daRY za 2025<\/strong><\/p>\n<p>Fakt\u00fary za 1\/2025, zverejnen\u00e9 4.2.2025, <a href=\"http:\/\/www.obecklenova.sk\/wp-content\/uploads\/2025\/02\/Faktury-OcU-za-1-2025.pdf\">zoznam\u00a0<\/a><\/p>\n<p>Fakt\u00fary za 2\/2025, zverejnen\u00e9 03.03.2025, <a href=\"http:\/\/www.obecklenova.sk\/wp-content\/uploads\/2025\/03\/Faktury-OcU-za-2-2025.pdf\">zoznam\u00a0<\/a><\/p>\n<p>Fakt\u00fary za 3\/2025, zverejnen\u00e9 d\u0148a 1.4.2025, <a href=\"http:\/\/www.obecklenova.sk\/wp-content\/uploads\/2025\/04\/Faktury-OcU-za-3-2025.pdf\">zoznam<\/a><\/p>\n<p>Fakt\u00fary za 4\/2025, zverejnen\u00e9 d\u0148a 02.5.2025, <a href=\"http:\/\/www.obecklenova.sk\/wp-content\/uploads\/2025\/05\/Faktury-OcU-za-4-2025.pdf\">zoznam\u00a0<\/a><\/p>\n<p>Fakt\u00fary za 5\/2025, zverejnen\u00e9 d\u0148a 02.06.2025, <a href=\"http:\/\/www.obecklenova.sk\/wp-content\/uploads\/2025\/06\/Faktury-za-5-2025.pdf\">zoznam<\/a><\/p>\n<p>Fakt\u00fary za 6\/2025, zverejnen\u00e9 d\u0148a 1.7. 2025, <a href=\"http:\/\/www.obecklenova.sk\/wp-content\/uploads\/2025\/07\/Faktury-6-2025.pdf\">zoznam\u00a0<\/a><\/p>\n<p>Fakt\u00fary za 7\/2025, zverejnen\u00e9 d\u0148a 1.8.2025, <a href=\"http:\/\/www.obecklenova.sk\/wp-content\/uploads\/2025\/08\/Faktury-za-7_2025.pdf\">zoznam\u00a0<\/a><\/p>\n<p>Fakt\u00fary za 8\/2025, zverejnen\u00e9 d\u0148a 1.9.2025, <a href=\"http:\/\/www.obecklenova.sk\/wp-content\/uploads\/2025\/09\/Faktury-OcU-za-8-2025.pdf\">zoznam<\/a><\/p>\n<p>Fakt\u00fary za 9\/2025, zverejnen\u00e9 d\u0148a 1.10.2025, <a href=\"http:\/\/www.obecklenova.sk\/wp-content\/uploads\/2025\/10\/Faktury-OcU-za-9-2025.pdf\">zoznam<\/a><\/p>\n<p>Fakt\u00fary za 10\/2025, zverejnen\u00e9 d\u0148a 10.11.2025, <a href=\"http:\/\/www.obecklenova.sk\/wp-content\/uploads\/2025\/11\/Faktury-OcU-za-10-2025.pdf\">zoznam\u00a0<\/a><\/p>\n<p>Fakt\u00fary za 11\/2025, zverejnen\u00e9 d\u0148a 1.12.2025, <a href=\"http:\/\/www.obecklenova.sk\/wp-content\/uploads\/2025\/12\/Faktury-OcU-za-11-2025.pdf\">zoznam<\/a><\/p>\n<p>Fakt\u00fary za 12\/2025, zverejnen\u00e9 d\u0148a, 2.1.2026, <a href=\"http:\/\/www.obecklenova.sk\/wp-content\/uploads\/2026\/01\/Faktury-OcU-za-12-2025.pdf\">zoznam<\/a><\/p>\n<p>\u00a0<\/p>\n<p>ROK 2026<\/p>\n<p>\u00a0<\/p>\n<p>Fakt\u00fary za 2 2026, zverejnen\u00e9 2.3.2026, <a href=\"http:\/\/www.obecklenova.sk\/wp-content\/uploads\/2026\/03\/Faktury-OcU-za-2-2026.pdf\">zoznam\u00a0<\/a><\/p>\n","protected":false},"excerpt":{"rendered":"<p>Fakt\u00fary za 12\/2023, zverejnen\u00ed d\u0148a, 2.1.2024, zoznam\u00a0Fakt\u00fary za 1 2024, zverejnen\u00e9 d\u0148a 1.2.2024, zoznam\u00a0 Fakt\u00fary za 2\/2024, zverejnen\u00e9 d\u0148a 1.3.2024, zoznam Fakt\u00fary za 3 2024, zverejnen\u00e9 d\u0148a 2.4.2024, zoznam\u00a0 Fakt\u00fary za 4\/2024, zverejnen\u00e9 d\u0148a 2.5.2024, zoznam Fakt\u00fary za 5\/2024, zverejnen\u00e9 d\u0148a 1.6.2024, zoznam Fakt\u00fary za 6\/2024, zverejnen\u00e9 d\u0148a 1.7.2024, zoznam Fakt\u00fary za 7\/2024, zverejnen\u00e9 d\u0148a [&hellip;]<\/p>\n","protected":false},"author":1,"featured_media":0,"parent":7449,"menu_order":0,"comment_status":"closed","ping_status":"closed","template":"","meta":{"footnotes":""},"class_list":["post-7451","page","type-page","status-publish","hentry"],"_links":{"self":[{"href":"http:\/\/www.obecklenova.sk\/index.php?rest_route=\/wp\/v2\/pages\/7451","targetHints":{"allow":["GET"]}}],"collection":[{"href":"http:\/\/www.obecklenova.sk\/index.php?rest_route=\/wp\/v2\/pages"}],"about":[{"href":"http:\/\/www.obecklenova.sk\/index.php?rest_route=\/wp\/v2\/types\/page"}],"author":[{"embeddable":true,"href":"http:\/\/www.obecklenova.sk\/index.php?rest_route=\/wp\/v2\/users\/1"}],"replies":[{"embeddable":true,"href":"http:\/\/www.obecklenova.sk\/index.php?rest_route=%2Fwp%2Fv2%2Fcomments&post=7451"}],"version-history":[{"count":30,"href":"http:\/\/www.obecklenova.sk\/index.php?rest_route=\/wp\/v2\/pages\/7451\/revisions"}],"predecessor-version":[{"id":7990,"href":"http:\/\/www.obecklenova.sk\/index.php?rest_route=\/wp\/v2\/pages\/7451\/revisions\/7990"}],"up":[{"embeddable":true,"href":"http:\/\/www.obecklenova.sk\/index.php?rest_route=\/wp\/v2\/pages\/7449"}],"wp:attachment":[{"href":"http:\/\/www.obecklenova.sk\/index.php?rest_route=%2Fwp%2Fv2%2Fmedia&parent=7451"}],"curies":[{"name":"wp","href":"https:\/\/api.w.org\/{rel}","templated":true}]}}