{"id":7454,"date":"2024-02-13T10:51:34","date_gmt":"2024-02-13T10:51:34","guid":{"rendered":"http:\/\/www.obecklenova.sk\/?page_id=7454"},"modified":"2025-12-01T07:08:15","modified_gmt":"2025-12-01T07:08:15","slug":"faktury-2024-zs-s-ms","status":"publish","type":"page","link":"http:\/\/www.obecklenova.sk\/?page_id=7454","title":{"rendered":"&#8211; Fakt\u00fary 2024 (Z\u0160 s M\u0160), 2025"},"content":{"rendered":"\n<p>\u00a0<\/p>\n<p><a href=\"http:\/\/www.obecklenova.sk\/wp-content\/uploads\/2024\/03\/Faktury-za-1-2024.pdf\">Fakt\u00fary<\/a> za 01 2024, zverejnen\u00e9, 1.2.2024<\/p>\n<p><a href=\"http:\/\/www.obecklenova.sk\/wp-content\/uploads\/2024\/03\/Faktury-za-2-2024.pdf\">Fakt\u00fary<\/a> za 02 2024. zverejnen\u00e9 1.3.2024,\u00a0<\/p>\n<p><a href=\"http:\/\/www.obecklenova.sk\/wp-content\/uploads\/2024\/04\/Faktury-3-2024.pdf\">Fakt\u00fary<\/a> za 03 2024, zverejnen\u00e9 2.4.2024<\/p>\n<p><a href=\"http:\/\/www.obecklenova.sk\/wp-content\/uploads\/2024\/04\/Faktury-4_2024.pdf\">Fakt\u00fary<\/a> za 04 2024, zverejnen\u00e9 30.4.2024<\/p>\n<p><a href=\"http:\/\/www.obecklenova.sk\/wp-content\/uploads\/2024\/06\/Faktury-5_2024.pdf\">Fakt\u00fary<\/a> za 05 2024, zverejnen\u00e9 1.6.2024<\/p>\n<p><a href=\"http:\/\/www.obecklenova.sk\/wp-content\/uploads\/2024\/07\/Faktury-6_2024.pdf\">FAkt\u00fary<\/a> za 06 2024, zverejnen\u00e9, 1.7.2024<\/p>\n<p><a href=\"http:\/\/www.obecklenova.sk\/wp-content\/uploads\/2024\/08\/Faktury-7-2024-ZS.pdf\">Fakt\u00fary<\/a> za 7 2024, zverejnen\u00e9, 1.8.2024<\/p>\n<p><a href=\"http:\/\/www.obecklenova.sk\/wp-content\/uploads\/2024\/09\/Faktury-8-2024-ZS.pdf\">Fakt\u00fary<\/a> za 8 2024, zverejnen\u00e9, 3.9.2024<\/p>\n<p><a href=\"http:\/\/www.obecklenova.sk\/wp-content\/uploads\/2024\/10\/Faktury-ZS-s-MS-9-2024.pdf\">Fakt\u00fary<\/a> za 9 2024, zverejnen\u00e9, 1.10.2024<\/p>\n<p><a href=\"http:\/\/www.obecklenova.sk\/wp-content\/uploads\/2024\/11\/Faktury-10-2024.pdf\">Fakt\u00fary<\/a> za 10\/2024, zverejnen\u00e9, 4.11.2024<\/p>\n<p><a href=\"http:\/\/www.obecklenova.sk\/wp-content\/uploads\/2025\/01\/Faktury-11-2024.pdf\">Fakt\u00fary<\/a> za 11\/2024, zverejnen\u00e9 2.12.2024<\/p>\n<p><a href=\"http:\/\/www.obecklenova.sk\/wp-content\/uploads\/2025\/01\/Faktury-za-12-2024.pdf\">Fakt\u00fary<\/a> za 12\/2024, zverejnen\u00e9 10.1.2024<\/p>\n<p><strong>ROK 2025<\/strong><\/p>\n<p><a href=\"http:\/\/www.obecklenova.sk\/wp-content\/uploads\/2025\/02\/Faktury-01_2025.pdf\">Fakt\u00fary<\/a> za 1\/2025, zverejnen\u00e9 03.02.2025<\/p>\n<p><a href=\"http:\/\/www.obecklenova.sk\/wp-content\/uploads\/2025\/03\/Faktury-za-2-2025.pdf\">Fakt\u00fary<\/a> za 2\/2025, zverejnen\u00e9 03.03.2025<\/p>\n<p>Fakt\u00fary za 3\/2025, zverejnen\u00e9 4.4.2025, <a href=\"http:\/\/www.obecklenova.sk\/wp-content\/uploads\/2025\/04\/Faktury-za-3-2025-ZS-s-MS.pdf\">zoznam<\/a><\/p>\n<p>Fakt\u00fary za 4\/2025, zverejnen\u00e9 2.5.2025, <a href=\"http:\/\/www.obecklenova.sk\/wp-content\/uploads\/2025\/05\/Faktury-04_2025.pdf\">zoznam\u00a0<\/a><\/p>\n<p>Fakt\u00fary za 5\/2025, zverejnen\u00e9 3.6.2025, <a href=\"http:\/\/www.obecklenova.sk\/wp-content\/uploads\/2025\/06\/Faktury-5-2025-ZS.pdf\">zoznam<\/a><\/p>\n<p>Fakt\u00fary za 6\/2025, zverejnen\u00e9 1.7.2025, <a href=\"http:\/\/www.obecklenova.sk\/wp-content\/uploads\/2025\/07\/Faktury-6-2025.pdf\">zoznam\u00a0<\/a><\/p>\n<p>Fakt\u00fary za 7\/2025, zverejnen\u00e9 1.8.2025, <a href=\"http:\/\/www.obecklenova.sk\/wp-content\/uploads\/2025\/08\/Faktury-za-7_2025.pdf\">zoznam\u00a0<\/a><\/p>\n<p>Fakt\u00fary za 8\/2025, zverejnen\u00e9 2.9.2025, <a href=\"http:\/\/www.obecklenova.sk\/wp-content\/uploads\/2025\/09\/Faktury-ZS-s-MS-za-8-2025.pdf\">zoznam<\/a><\/p>\n<p>Fakt\u00fary za 9\/2025, zverejnen\u00e9 2.10.2025, <a href=\"http:\/\/www.obecklenova.sk\/wp-content\/uploads\/2025\/10\/Faktury-za-9-2025.pdf\">zoznam<\/a><\/p>\n<p>Fakt\u00fary za 10\/2025, zverejnen\u00e9 1.12.2025, <a href=\"http:\/\/www.obecklenova.sk\/wp-content\/uploads\/2025\/12\/Faktury-za-11-2025.pdf\">zoznam<\/a><\/p>\n","protected":false},"excerpt":{"rendered":"<p>\u00a0 Fakt\u00fary za 01 2024, zverejnen\u00e9, 1.2.2024 Fakt\u00fary za 02 2024. zverejnen\u00e9 1.3.2024,\u00a0 Fakt\u00fary za 03 2024, zverejnen\u00e9 2.4.2024 Fakt\u00fary za 04 2024, zverejnen\u00e9 30.4.2024 Fakt\u00fary za 05 2024, zverejnen\u00e9 1.6.2024 FAkt\u00fary za 06 2024, zverejnen\u00e9, 1.7.2024 Fakt\u00fary za 7 2024, zverejnen\u00e9, 1.8.2024 Fakt\u00fary za 8 2024, zverejnen\u00e9, 3.9.2024 Fakt\u00fary za 9 2024, zverejnen\u00e9, 1.10.2024 [&hellip;]<\/p>\n","protected":false},"author":1,"featured_media":0,"parent":7449,"menu_order":0,"comment_status":"closed","ping_status":"closed","template":"","meta":{"footnotes":""},"class_list":["post-7454","page","type-page","status-publish","hentry"],"_links":{"self":[{"href":"http:\/\/www.obecklenova.sk\/index.php?rest_route=\/wp\/v2\/pages\/7454","targetHints":{"allow":["GET"]}}],"collection":[{"href":"http:\/\/www.obecklenova.sk\/index.php?rest_route=\/wp\/v2\/pages"}],"about":[{"href":"http:\/\/www.obecklenova.sk\/index.php?rest_route=\/wp\/v2\/types\/page"}],"author":[{"embeddable":true,"href":"http:\/\/www.obecklenova.sk\/index.php?rest_route=\/wp\/v2\/users\/1"}],"replies":[{"embeddable":true,"href":"http:\/\/www.obecklenova.sk\/index.php?rest_route=%2Fwp%2Fv2%2Fcomments&post=7454"}],"version-history":[{"count":28,"href":"http:\/\/www.obecklenova.sk\/index.php?rest_route=\/wp\/v2\/pages\/7454\/revisions"}],"predecessor-version":[{"id":7925,"href":"http:\/\/www.obecklenova.sk\/index.php?rest_route=\/wp\/v2\/pages\/7454\/revisions\/7925"}],"up":[{"embeddable":true,"href":"http:\/\/www.obecklenova.sk\/index.php?rest_route=\/wp\/v2\/pages\/7449"}],"wp:attachment":[{"href":"http:\/\/www.obecklenova.sk\/index.php?rest_route=%2Fwp%2Fv2%2Fmedia&parent=7454"}],"curies":[{"name":"wp","href":"https:\/\/api.w.org\/{rel}","templated":true}]}}